 is divided by (-820)/(-28) + 4/(-14)?
28
Let a be 0/7 + (0 - -5). Let f(i) = i - 8. Let c(x) = -2*x + 17. Let u(k) = a*f(k) + 3*c(k). Calculate the remainder when 1 is divided by u(10).
0
Let a(l) = 12*l**2 - 1. Let z(i) = 4*i + 7. Calculate the remainder when z(6) is divided by a(-1).
9
Let i(y) = y**2 - 8*y + 6. Suppose o - 4*s = -4, 0*s + 15 = 3*o - 3*s. Calculate the remainder when (2 + 4/(-3))*24 is divided by i(o).
4
Let d = 6 + -1. What is the remainder when 13 is divided by d?
3
Let q be -4 - (-3 + 2 - -1). Let j be (-1)/(-2) + 50/q. Let d = 19 + j. What is the remainder when 12 is divided by d?
5
Let a = -1 - -11. Suppose 0 = -2*j - 1 - 1. Calculate the remainder when a is divided by 10*j/(15/(-6)).
2
Let w(n) = 20*n**3 - n**2 + 2*n - 1. Let t be w(1). Suppose -5*o + 3*d - d = -2, t = 5*d. What is the remainder when o is divided by 2?
0
What is the remainder when 17 is divided by (-860)/(-85) - (-2)/(-17)?
7
Let m(l) be the third derivative of l**6/120 - 3*l**5/20 + 7*l**4/24 + 11*l**3/6 + 3*l**2. What is the remainder when 4 is divided by m(8)?
1
Let v(g) = -3 + 2 + 6*g + g**2 + 3 + 8. Calculate the remainder when v(-10) is divided by 17.
16
Suppose 10*d - 1618 = -598. Calculate the remainder when d is divided by 35.
32
Let y = -98 - -55. Let w = 10 + y. Calculate the remainder when (1/3)/((-1)/w) is divided by 6.
5
Suppose -3 = -5*g + 7. Let s = 2 - g. Suppose 3*o - 4*h + 7 = s, -o - h = -2*o - 1. What is the remainder when 8 is divided by o?
2
Suppose 9 = l + 2. Suppose b - 24 = -l. What is the remainder when b is divided by 6?
5
Let g = 144 + -38. Calculate the remainder when g is divided by 27.
25
Let x(t) = 434*t + 1. Let h be x(1). Suppose 3*o + h - 114 = 2*k, 2*k = 0. Let q = -59 - o. Calculate the remainder when q is divided by 25.
23
What is the remainder when 11 is divided by (12/(-18))/(4/(-18))?
2
Suppose 2*t - 3 + 9 = w, -3*t + 95 = 5*w. What is the remainder when 59 is divided by w?
11
Let z = -2 - -18. Suppose 2*k - 6*k + x = 1, 2*x = 4*k - 2. Calculate the remainder when (-1)/4*188/k is divided by z.
15
Suppose 2 = 2*b, z + z + 4*b - 32 = 0. Calculate the remainder when 1128/28 - 4/14 is divided by z.
12
Let o = 377 + -180. Calculate the remainder when o is divided by 33.
32
Suppose -2*l + 4*p = 12 - 58, -l + 20 = p. What is the remainder when 39 is divided by l?
18
Let x = 197 + -16. Calculate the remainder when x is divided by 61.
59
Let u = 86 - 73. What is the remainder when u is divided by 8?
5
Let j be -1 + 2 - (-4 - 4). Suppose j - 3 = -3*m, d + 2*m = 0. Calculate the remainder when (-2)/4 + 84/8 is divided by d.
2
Suppose -4*c + 3*w = -3 - 4, 0 = -3*c + 2*w + 6. Suppose 5*b + 5*l - 54 = b, -l = b - 13. What is the remainder when b is divided by c?
3
Suppose 2*n = 4*n - 24. Calculate the remainder when n is divided by 5.
2
Let b(y) = y - 1. Let s be b(3). Suppose 0 = 4*k - s*k - 50. Suppose -3*m + 1 = 3*j + 2*m, -4*m - 16 = 0. What is the remainder when k is divided by j?
4
Suppose 21 = 5*h - 5*j - 84, 5*h - 78 = -4*j. What is the remainder when 2*((1155/(-6))/(-5) + -3) is divided by h?
17
Suppose 5*k = -3*s + 34, s + 5*k + 44 = 4*s. Let t = s + -8. Suppose -t*c + 94 + 56 = 0. What is the remainder when c is divided by 16?
14
Let i be (8/(-3))/((-8)/12). Suppose 4*x - 2*d - 50 = -i*d, 3*d + 15 = 0. What is the remainder when 44 is divided by x?
14
Suppose n + 3*u + 8 = -2, u + 4 = 0. Let g = -9 + 9. Suppose g = -w - 0*w + n*p + 25, -4*p = -3*w + 67. What is the remainder when 32 is divided by w?
15
Suppose 288 = -k + 13*k. Calculate the remainder when 89 is divided by k.
17
Suppose 0 = 5*u - 4*q - 881, 4*u + 6*q = q + 713. Calculate the remainder when u is divided by 36.
33
Suppose -5*x + x + 32 = 0. Calculate the remainder when 37 is divided by x.
5
Let y(w) = -2*w - 2. Let c be y(-2). Suppose 0*o + c*n = 5*o - 266, 3*n = 6. What is the remainder when o is divided by 14?
12
Let s(z) = 8*z**2 - 5*z + 6. Calculate the remainder when s(4) is divided by 29.
27
Calculate the remainder when (1*(-64)/(-10))/(2/10) is divided by 3.
2
Suppose -3*r + 4*r + 3*y - 28 = 0, -5*y = 2*r - 58. Let w = -7 - -25. What is the remainder when r is divided by w?
16
Let x = -10 - -19. Let y(v) = v**3 - 7*v**2 + 5*v + 7. Let f be y(6). Calculate the remainder when (f - -25)/(-1 - -2) is divided by x.
8
Let g(s) = 12*s + 46. Calculate the remainder when 86 is divided by g(0).
40
Suppose -2*k + 14 = -0. Calculate the remainder when (5 - -3)*(-5)/(-2) is divided by k.
6
Suppose 88 = 5*w - w. What is the remainder when 64 is divided by w?
20
Calculate the remainder when 9 is divided by 20/8*12/10.
0
Suppose 2*i - 17 - 28 = t, i = -4*t. Calculate the remainder when 38 is divided by i.
18
Suppose k + 2*k + 4*p - 13 = 0, 0 = 2*k + 2*p - 8. Let x(b) = 2*b + 1. Let u(w) = -12*w**3 - w**2 - w. Calculate the remainder when u(-1) is divided by x(k).
5
Let v(r) = 2*r + 2. Let z(w) = -w**2 + 9*w + 2. Let c be z(9). Let h = 20 - 10. What is the remainder when h is divided by v(c)?
4
Let j(w) = -w**2 - 7*w - 2. Let b be j(-6). Suppose -3*m + 4 = -8. What is the remainder when 9 + (b - (-9)/(-3)) is divided by m?
2
Let m(p) = -p**3 - 15*p**2 - 16*p - 9. Let b be m(-14). Suppose -2*c + b = c + 2*a, -c + a = -13. What is the remainder when c is divided by 4?
1
Suppose 3*d + 3*q - q = 11, 3*d = -5*q + 5. Calculate the remainder when 18 is divided by d.
3
Suppose -19 = -f + 2*w + 22, -3*f + 133 = -4*w. Let m = f - 15. Suppose -3 = 3*z - m. What is the remainder when z is divided by 6?
5
Let v = 1 + 1. Suppose 2 = 2*o + v*k - 6, -3*o = -3*k - 30. What is the remainder when 25 is divided by o?
4
Suppose -24 = -4*s + 84. Calculate the remainder when s is divided by 4.
3
Suppose 4*l - 162 = -38. What is the remainder when 60 is divided by l?
29
Suppose 3*k - 7 - 32 = 0. Let f = -290 - -294. What is the remainder when k is divided by f?
1
Let d(b) = 129*b**2 - 2. What is the remainder when d(1) is divided by 43?
41
Suppose v - 5 = -5*u, -5*v + 11 + 14 = -5*u. Let k(a) = -a**3 - a - 4. Let n be k(0). Calculate the remainder when (-5 - n)/(1/(-14)) is divided by v.
4
Suppose 16 = 3*w - w. Suppose 0 = -0*v + v - 40. Let p = -18 + v. What is the remainder when p is divided by w?
6
Let p(t) = -4*t - 3. Calculate the remainder when p(-4) is divided by 5.
3
Let k = 96 + 0. Calculate the remainder when k is divided by 25.
21
Let h(c) = c**2 - 6*c + 7. Let s = 105 + -53. Suppose 2*l = 4, 3*b = 3*l + l + s. What is the remainder when b is divided by h(6)?
6
Let f(b) = 2*b**2 + b + 6. What is the remainder when f(-4) is divided by 9?
7
Let t = -10 - -10. Calculate the remainder when 71 is divided by (-15 + -3 + t)*-1.
17
Let m(j) = 2*j**2 + 9*j + 2. Let f(c) = c**3 + c + 38. What is the remainder when f(0) is divided by m(-6)?
18
Suppose 2*i + 9 = z - 13, -110 = -5*z + 4*i. What is the remainder when z is divided by 12?
10
Let r(t) = t + 18. What is the remainder when r(9) is divided by 18?
9
Calculate the remainder when 33 is divided by 43/(-172) - (29/4)/(-1).
5
Suppose 10*i - 275 = 5*i. What is the remainder when 2135/i + 4/22 is divided by 20?
19
Suppose -s = -2*s + 16. What is the remainder when 61 is divided by s?
13
Let b(i) = -i**3 + 7*i**2 - 7*i + 9. Let p be b(6). Suppose m - 36 = -p*m. What is the remainder when (1 + -2)*-34*4/8 is divided by m?
8
Suppose 0 = -2*g - 3*g + 25. Let w = g - -2. Let c = 0 + w. Calculate the remainder when 12 is divided by c.
5
Suppose 61 = 2*t + 9. Let w = t + -13. What is the remainder when 36 is divided by w?
10
Let l(b) = -b**2 - 14*b - 15. Let j be l(-12). Let h = j + 11. What is the remainder when h is divided by 7?
6
Suppose -20 - 8 = -4*u. Suppose 2*o = 11 + u. Calculate the remainder when 17 is divided by o.
8
What is the remainder when 38/4 + 1/2 is divided by 3?
1
Let c = 9 - -6. Suppose -5*l = j - 11, 4*l + 20 = -0*j + 4*j. Calculate the remainder when c is divided by j.
3
Let g = 12 - 3. Suppose -4*n + 64 = -0. What is the remainder when n is divided by g?
7
Suppose -4 = 5*h - 14. Suppose -1 - 9 = -h*v. Let w(a) = -a**2 - 28*a + 8. What is the remainder when w(-28) is divided by v?
3
Suppose 0 = 4*t, 3*a - 2*t - 123 = -0*t. Let n = -2 - -16. What is the remainder when a is divided by n?
13
Let k = 8 + -6. Suppos